{"id":39,"date":"2026-02-20T01:23:44","date_gmt":"2026-02-20T00:23:44","guid":{"rendered":"https:\/\/groslay-terre-davenir.fr\/?page_id=39"},"modified":"2026-03-06T13:56:10","modified_gmt":"2026-03-06T12:56:10","slug":"accueil","status":"publish","type":"page","link":"https:\/\/groslay-terre-davenir.fr\/","title":{"rendered":"Accueil"},"content":{"rendered":"\r\n<div class=\"intro\">\r\n\t<div class=\"introImg\">\r\n\t\t<img decoding=\"async\" src=\"https:\/\/groslay-terre-davenir.fr\/wp-content\/uploads\/2026\/02\/francois_jeffroy_home_.jpg\">\r\n\t<\/div>\r\n\t<div class=\"introContent\">\r\n\t\t<div>\r\n\t\t\t<p><b>Les 15 et 22 mars 2026<\/b>, faites le choix de la clart\u00e9 et de l&#8217;engagement en votant <b>Groslay Terre d&#8217;Avenir<\/b>. Nous vous proposons un <b>programme ambitieux et r\u00e9aliste<\/b>, port\u00e9 par une \u00e9quipe comp\u00e9tente repr\u00e9sentative de la diversit\u00e9 de notre commune.<\/p>\n<p>Notre programme pour le mandat 2026-2033 propose un <b>v\u00e9ritable changement<\/b>. Nous nous engageons \u00e0&nbsp;:<\/p>\n<ul>\n<li>\n<b>Redonner vie \u00e0 notre c\u0153ur de ville<\/b> laiss\u00e9 \u00e0 l&#8217;abandon depuis 6 ans, en faisant du centre-ville un lieu convivial, s\u00e9curis\u00e9, o\u00f9 les d\u00e9placements \u00e0 pied et l&#8217;attractivit\u00e9 de nos commerces redeviennent une priorit\u00e9.\n<\/li>\n<li>\n<b>Offrir des services de qualit\u00e9 pour tous<\/b> en veillant \u00e0 l&#8217;\u00e9panouissement de nos enfants, en donnant une place aux jeunes, en soutenant nos associations et en prenant soin des s\u00e9niors.\n<\/li>\n<li>\n<b>D\u00e9velopper la d\u00e9mocratie locale<\/b> en donnant une place centrale au dialogue et \u00e0 la concertation, en vous rendant compte r\u00e9guli\u00e8rement des avanc\u00e9es de notre action.\n<\/li>\n<\/ul>\n<p>Je m&#8217;engage \u00e0 \u00eatre le maire de toutes les Groslaysiennes et tous les Groslaysiens accessible, <b>\u00e0 votre \u00e9coute<\/b>. Je travaillerai avec l&#8217;ensemble des \u00e9lus et dans le respect du personnel communal.<\/p>\n<p><b>Ensemble, r\u00e9enchantons notre ville<\/b>, offrons-lui le nouveau souffle qu&#8217;elle m\u00e9rite.<\/p>\n\t\t<\/div>\r\n\t<\/div>\t\r\n<\/div>\r\n","protected":false},"excerpt":{"rendered":"","protected":false},"author":1,"featured_media":0,"parent":0,"menu_order":0,"comment_status":"closed","ping_status":"closed","template":"","meta":{"_acf_changed":false,"footnotes":""},"class_list":["post-39","page","type-page","status-publish","hentry"],"acf":[],"_links":{"self":[{"href":"https:\/\/groslay-terre-davenir.fr\/index.php?rest_route=\/wp\/v2\/pages\/39","targetHints":{"allow":["GET"]}}],"collection":[{"href":"https:\/\/groslay-terre-davenir.fr\/index.php?rest_route=\/wp\/v2\/pages"}],"about":[{"href":"https:\/\/groslay-terre-davenir.fr\/index.php?rest_route=\/wp\/v2\/types\/page"}],"author":[{"embeddable":true,"href":"https:\/\/groslay-terre-davenir.fr\/index.php?rest_route=\/wp\/v2\/users\/1"}],"replies":[{"embeddable":true,"href":"https:\/\/groslay-terre-davenir.fr\/index.php?rest_route=%2Fwp%2Fv2%2Fcomments&post=39"}],"version-history":[{"count":3,"href":"https:\/\/groslay-terre-davenir.fr\/index.php?rest_route=\/wp\/v2\/pages\/39\/revisions"}],"predecessor-version":[{"id":243,"href":"https:\/\/groslay-terre-davenir.fr\/index.php?rest_route=\/wp\/v2\/pages\/39\/revisions\/243"}],"wp:attachment":[{"href":"https:\/\/groslay-terre-davenir.fr\/index.php?rest_route=%2Fwp%2Fv2%2Fmedia&parent=39"}],"curies":[{"name":"wp","href":"https:\/\/api.w.org\/{rel}","templated":true}]}}